*r. What is the remainder when r is divided by w?
6
Suppose -204*t + 37266 = -30054. Calculate the remainder when t is divided by 175.
155
Let u = 393 + -261. Suppose -13935*m + 904 = -13794*m - 1775. Calculate the remainder when u is divided by m.
18
Suppose 55*o + 78 + 98 = 781. Let a be (-304)/3*60/(-8). Suppose 7*h + a = o*h. What is the remainder when h is divided by 16?
14
Let m = -273 - -294. What is the remainder when 152 is divided by (712/28)/2 - (-6)/m?
9
Let x = 133 - -52. Calculate the remainder when 710 is divided by x.
155
Let c be (9 + 1 + -4)*80. Suppose -4*a + c = -512. Suppose 0 = 3*u - 7*u + a. What is the remainder when u is divided by 16?
14
Let i(n) = -4*n - 21. Let z be i(-9). Let l be (12/z)/((-27)/(-25) + -1). Calculate the remainder when 6 is divided by 0 + 18/(-15)*l/(-4).
0
Suppose -4*z + 4*g = -1060, -5*z - 227*g + 230*g + 1327 = 0. What is the remainder when z is divided by 68?
62
Let b = -868 - -3695. Calculate the remainder when b is divided by 10.
7
Suppose -5*p - 116 = 84. Let n = p + 44. Suppose n*b = -b + 370. Calculate the remainder when b is divided by 19.
17
Suppose 0 = 15*h - 65 - 160. Suppose 0 = -10*y + h*y - 140. Calculate the remainder when 106 is divided by y.
22
Suppose 1597 = 96*m + 541. Let g be ((-24)/(-20))/(6/15). Suppose -g*b - 84 = -5*b. Calculate the remainder when b is divided by m.
9
Let o = -103 - -103. Suppose -5*x + g = 290, -x - 3*x - g - 223 = o. What is the remainder when (-3)/(9/x) + -2 is divided by 4?
1
Let j(u) = u**2 + 45. Suppose -2*y = 338 - 512. Calculate the remainder when y is divided by j(0).
42
Suppose 0 = 4*q - 0*q - c + 4, 5*q - 12 = -3*c. Suppose -3*p + 6 + 33 = q. Suppose 15*j - 270 = 9*j. What is the remainder when j is divided by p?
6
Let n = 5189 - 5038. What is the remainder when n is divided by 25?
1
Let q = -18 + 21. Suppose -g + x = -2*x + 4, -3*g + q*x - 6 = 0. Calculate the remainder when 47 is divided by 3 + 7 + ((-3)/g - 1).
11
Let m be 5 - (-4 - -2 - -5). Suppose m*z + 4*a - 186 = 0, 3*z - 6*z = 2*a - 263. What is the remainder when z is divided by 8?
5
Let g(n) = 51*n - 1980. Suppose -4*j - 5*q = -137, 0 = j + 2*q - 0*q - 35. What is the remainder when g(41) is divided by j?
12
Suppose 0 = -7*o + 40*o - 67684 + 22573. What is the remainder when o is divided by 15?
2
Suppose -z - 3*f = -5*z + 17, -2 = -2*f. Suppose -z*x - 163 = -403. What is the remainder when 95 is divided by x?
47
Suppose 0 = -292*o + 128*o + 338332. Calculate the remainder when o is divided by 86.
85
Let o(g) = 2*g**3 + 32*g**2 - 35*g - 3. Let h = 322 + -339. Calculate the remainder when 23 is divided by o(h).
9
Suppose 0 = 22*w - 5*y - 1484, 4*w = 7*w + 2*y - 197. What is the remainder when 391 is divided by w?
56
Suppose -2*j - 156 = -640. Suppose -170*u = -172*u. Suppose -10*p + 108 + 162 = u. Calculate the remainder when j is divided by p.
26
Let t be (-10)/(-4)*(-32)/40. Suppose 4*x = 185 + 55. Calculate the remainder when x is divided by 2/(5/(t - -42)).
12
Let d = -15548 + 15558. What is the remainder when 95 is divided by d?
5
Suppose 0 = 2*a + 13*a + 75. Let p(j) = 61*j + 405. Calculate the remainder when p(a) is divided by 48.
4
Let q(p) = -6*p - 15. Suppose x - 4*k = -4*x - 27, 2*x + 12 = k. Let g(i) = -i**2 - 20*i + 6. Calculate the remainder when g(x) is divided by q(-4).
7
Let r(y) = -y**3 - 21*y**2 + 25*y + 68. Let a be r(-22). Suppose 7*s - a*s - m = 332, -4*m = 8. Calculate the remainder when s is divided by 14.
10
Calculate the remainder when 791 is divided by 9/8 + 19923/232.
8
Suppose 5*u - 6*u = -3*f - 239, -3*u - 4*f = -678. Let i = u - 118. Calculate the remainder when i is divided by 42.
28
What is the remainder when (21/(-28)*31385/15)/(9/(-36)) is divided by 18?
13
Suppose -2722 = -5*z + c, 10*c - 1267 = -5*z + 1488. Calculate the remainder when z is divided by 269.
7
Suppose -7*g = -2*q - 26644 - 5422, 4*g + 5*q = 18305. What is the remainder when g is divided by 915?
5
Let q(w) = 745*w + 3008. What is the remainder when (-52)/((-2)/4*1) is divided by q(-4)?
20
Let u(d) = d**2 + 25*d - 56. Let w be u(-28). What is the remainder when 247 is divided by (w/63)/(2/45)?
7
Suppose 3541*n + 290 = 3546*n. Suppose 13*s + 105 = 18*s. What is the remainder when n is divided by s?
16
Let v = -256 - -291. What is the remainder when v is divided by (104/(-20) - -1)*-5?
14
Suppose -21429 = -4*m + s, -m - 10*s + 5367 = -7*s. What is the remainder when m is divided by 1339?
2
Let m(x) = 10*x**2 - 2. Let k be m(2). Let u = k + 95. Let t = 66747 + -66713. What is the remainder when u is divided by t?
31
Let c(x) = 199*x**3 - 2*x**2 + x. What is the remainder when c(1) is divided by (-660)/55*((-18)/8 - 0)?
9
Suppose -4*b + 3*b = 22. Let m(a) = -a**3 - 22*a**2 - 6*a - 24. Let f be m(b). Let o = -82 + f. Calculate the remainder when o is divided by 16.
10
Suppose -11285 = -50*s + 13*s. Suppose -75 - s = -20*w. Calculate the remainder when 29 is divided by w.
10
Let l = -268 + 232. Calculate the remainder when 330 is divided by l*7/112*-4.
6
Let g(j) = -3*j - 25. Let f(p) = p**3 - 9. Let u be f(0). Let s be g(u). Let o = 0 + s. What is the remainder when o is divided by 1?
0
What is the remainder when (-3 - -2)/(1/(-1783)) is divided by 17?
15
Let v be 1*(-1)/(-1)*6. Let r(b) = -12196*b + 85378. What is the remainder when ((-22)/v)/((-2)/12) is divided by r(7)?
4
Let p be -40*(-5)/((-25)/(-28)). Suppose -218*t - 60 = -p*t. What is the remainder when 46 is divided by t?
6
Let n be -11 + 3 - (-3 + -5). Suppose 0 = 3*k - 2*c - 74, -k = -n*c - 2*c - 26. What is the remainder when k is divided by (3/(-6))/((-1)/14)?
3
Suppose -23 + 119 = 4*x. Let o(r) be the second derivative of -r**4/12 + 10*r**3/3 + r**2 + 4*r. What is the remainder when o(13) is divided by x?
21
Suppose 246 = 4*w + 3*o - 79, -2*w - 3*o + 161 = 0. What is the remainder when 324 is divided by w?
78
Suppose 3*o + 3*i + 6 = 0, -4*o + 3*o - 3*i = 10. Suppose 0*u = u. Suppose -r - o*t = -u*t - 17, t = 1. What is the remainder when r is divided by 6?
3
Suppose -5*o = -16 + 1. Suppose -o*x = x - 4. Let u(y) = 19*y**2 + 3*y - 1. What is the remainder when u(x) is divided by 6?
3
Let y(z) = -5*z - 2. Let j be (-16)/(-12) - 2 - 146/6. Let u = 30 + j. Calculate the remainder when y(-4) is divided by u.
3
Let k = 68 - 57. Let u(m) = m**2 - 8*m + 81. Calculate the remainder when u(k) is divided by 39.
36
Suppose 7*f = -4*w + 3*f + 1812, 3*f = 7*w - 3201. Calculate the remainder when w is divided by 66.
60
Let b(o) = -2*o + 0*o**3 + o**3 - 2 - 17 + 15*o**2 + 1. Let l be b(-15). Suppose 148 = -8*v + l*v. Calculate the remainder when v is divided by 22.
15
What is the remainder when 14531 is divided by 4*483/92 + -9?
11
Calculate the remainder when ((-834)/4)/(2457/210 - 12) is divided by 58.
57
Let l be -1 + 30/7 + 4/(-14). Let f be 33/3*(18 - 3). Suppose -l*m + f = 2*m. What is the remainder when m is divided by 12?
9
Suppose 133 = 4*g + 1. Suppose 0 = n - l - 13, 4*n + g = 5*n + 4*l. What is the remainder when ((-4)/3 - -2)*(-3333)/(-22) is divided by n?
16
Let n be 5 + 48/(-9) + 110/6. Let h(k) = 0*k + 5*k - k**3 + n*k**2 + 18 - 3*k. What is the remainder when h(18) is divided by 19?
16
Let u(p) = -10*p**2 - 826*p + 341. What is the remainder when ((-6)/8)/((-2)/208) is divided by u(-83)?
6
Let m(q) = 48*q - 399. Calculate the remainder when m(16) is divided by 123.
0
Let m = 357 - 335. Let p(b) = 4*b**2 - 3. Calculate the remainder when p(-4) is divided by m.
17
Suppose -2*d - s = -338, 0*d - d = -5*s - 158. Suppose -41*x + 42*x - 132*x + 1179 = 0. What is the remainder when d is divided by x?
6
Suppose -2*m + 20 = 2*m, 2*f - 1229 = 5*m. Let c(d) = d**3 - 23*d**2 - 29*d + 155. What is the remainder when f is divided by c(24)?
32
Suppose 18*v - 740 = 14*v. What is the remainder when v is divided by (-4)/(-9) + (-137372)/(-2196)?
59
Let p = 53 - 40. What is the remainder when 686/22 - (-2)/(-11) is divided by p?
5
Let m = -4 + -28. Let d = -18 - m. Let v(r) = -r**3 - r**2 + 100*r + 334. Calculate the remainder when v(-9) is divided by d.
12
Suppose 0 = 5*m - 19*m + 336. Suppose 807 = 3*h + 147. Suppose 2*x = -3*x + h. Calculate the remainder when x is divided by m.
20
Suppose 0 = j + 5*b - 121, 4*j - 3*b - 281 = 2*j. Let k 